{"id":8305,"date":"2025-03-05T14:42:22","date_gmt":"2025-03-05T13:42:22","guid":{"rendered":"https:\/\/thermalhotelgarden.hu\/dev_ujoldal\/?page_id=8305"},"modified":"2025-03-10T14:08:50","modified_gmt":"2025-03-10T13:08:50","slug":"torzsvendeg-program","status":"publish","type":"page","link":"https:\/\/thermalhotelgarden.hu\/dev_ujoldal\/torzsvendeg-program\/","title":{"rendered":"T\u00f6rzsvend\u00e9g program"},"content":{"rendered":"\t\t<div data-elementor-type=\"wp-page\" data-elementor-id=\"8305\" class=\"elementor elementor-8305\" data-elementor-post-type=\"page\">\n\t\t\t\t\t\t<section class=\"elementor-section elementor-top-section elementor-element elementor-element-8631dbe elementor-section-stretched elementor-section-full_width elementor-section-height-default elementor-section-height-default\" data-id=\"8631dbe\" data-element_type=\"section\" data-settings=\"{&quot;stretch_section&quot;:&quot;section-stretched&quot;,&quot;background_background&quot;:&quot;classic&quot;,&quot;background_motion_fx_motion_fx_scrolling&quot;:&quot;yes&quot;,&quot;background_motion_fx_translateY_effect&quot;:&quot;yes&quot;,&quot;background_motion_fx_translateY_speed&quot;:{&quot;unit&quot;:&quot;px&quot;,&quot;size&quot;:4,&quot;sizes&quot;:[]},&quot;background_motion_fx_translateY_affectedRange&quot;:{&quot;unit&quot;:&quot;%&quot;,&quot;size&quot;:&quot;&quot;,&quot;sizes&quot;:{&quot;start&quot;:0,&quot;end&quot;:100}},&quot;background_motion_fx_devices&quot;:[&quot;desktop&quot;,&quot;laptop&quot;,&quot;tablet_extra&quot;,&quot;tablet&quot;,&quot;mobile_extra&quot;,&quot;mobile&quot;]}\">\n\t\t\t\t\t\t<div class=\"elementor-container elementor-column-gap-no\">\n\t\t\t\t\t<div class=\"elementor-column elementor-col-100 elementor-top-column elementor-element elementor-element-46610bf\" data-id=\"46610bf\" data-element_type=\"column\" data-settings=\"{&quot;background_background&quot;:&quot;classic&quot;,&quot;background_motion_fx_motion_fx_scrolling&quot;:&quot;yes&quot;,&quot;background_motion_fx_translateY_effect&quot;:&quot;yes&quot;,&quot;background_motion_fx_translateY_speed&quot;:{&quot;unit&quot;:&quot;px&quot;,&quot;size&quot;:4,&quot;sizes&quot;:[]},&quot;background_motion_fx_translateY_affectedRange&quot;:{&quot;unit&quot;:&quot;%&quot;,&quot;size&quot;:&quot;&quot;,&quot;sizes&quot;:{&quot;start&quot;:0,&quot;end&quot;:100}},&quot;background_motion_fx_devices&quot;:[&quot;desktop&quot;,&quot;laptop&quot;,&quot;tablet_extra&quot;,&quot;tablet&quot;,&quot;mobile_extra&quot;,&quot;mobile&quot;]}\">\n\t\t\t<div class=\"elementor-widget-wrap elementor-element-populated\">\n\t\t\t\t\t<div class=\"elementor-background-overlay\"><\/div>\n\t\t\t\t\t\t<div class=\"elementor-element elementor-element-d71abe2 elementor-widget elementor-widget-image\" data-id=\"d71abe2\" data-element_type=\"widget\" data-widget_type=\"image.default\">\n\t\t\t\t<div class=\"elementor-widget-container\">\n\t\t\t\t\t\t\t\t\t\t\t\t\t\t\t<img fetchpriority=\"high\" decoding=\"async\" width=\"311\" height=\"197\" src=\"https:\/\/thermalhotelgarden.hu\/dev_ujoldal\/wp-content\/uploads\/2025\/03\/level.svg\" class=\"attachment-large size-large wp-image-7559\" alt=\"\" \/>\t\t\t\t\t\t\t\t\t\t\t\t\t\t\t<\/div>\n\t\t\t\t<\/div>\n\t\t\t\t<div class=\"elementor-element elementor-element-6386e7e elementor-widget elementor-widget-heading\" data-id=\"6386e7e\" data-element_type=\"widget\" data-widget_type=\"heading.default\">\n\t\t\t\t<div class=\"elementor-widget-container\">\n\t\t\t\t\t<h5 class=\"elementor-heading-title elementor-size-default\">THERMAL HOTEL GARDEN<\/h5>\t\t\t\t<\/div>\n\t\t\t\t<\/div>\n\t\t\t\t<div class=\"elementor-element elementor-element-ea802cb elementor-widget elementor-widget-heading\" data-id=\"ea802cb\" data-element_type=\"widget\" data-widget_type=\"heading.default\">\n\t\t\t\t<div class=\"elementor-widget-container\">\n\t\t\t\t\t<h2 class=\"elementor-heading-title elementor-size-default\">T\u00f6rzsvend\u00e9g program<\/h2>\t\t\t\t<\/div>\n\t\t\t\t<\/div>\n\t\t\t\t\t<\/div>\n\t\t<\/div>\n\t\t\t\t\t<\/div>\n\t\t<\/section>\n\t\t\t\t<section class=\"elementor-section elementor-top-section elementor-element elementor-element-d3a7200 elementor-section-stretched elementor-section-full_width elementor-section-height-default elementor-section-height-default\" data-id=\"d3a7200\" data-element_type=\"section\" data-settings=\"{&quot;stretch_section&quot;:&quot;section-stretched&quot;}\">\n\t\t\t\t\t\t<div class=\"elementor-container elementor-column-gap-no\">\n\t\t\t\t\t<div class=\"elementor-column elementor-col-100 elementor-top-column elementor-element elementor-element-9af4dd0\" data-id=\"9af4dd0\" data-element_type=\"column\" data-settings=\"{&quot;background_background&quot;:&quot;classic&quot;}\">\n\t\t\t<div class=\"elementor-widget-wrap elementor-element-populated\">\n\t\t\t\t\t\t<div class=\"elementor-element elementor-element-27797ff elementor-widget elementor-widget-image\" data-id=\"27797ff\" data-element_type=\"widget\" data-widget_type=\"image.default\">\n\t\t\t\t<div class=\"elementor-widget-container\">\n\t\t\t\t\t\t\t\t\t\t\t\t\t\t\t<img fetchpriority=\"high\" decoding=\"async\" width=\"311\" height=\"197\" src=\"https:\/\/thermalhotelgarden.hu\/dev_ujoldal\/wp-content\/uploads\/2025\/03\/level.svg\" class=\"attachment-large size-large wp-image-7559\" alt=\"\" \/>\t\t\t\t\t\t\t\t\t\t\t\t\t\t\t<\/div>\n\t\t\t\t<\/div>\n\t\t\t\t<div class=\"elementor-element elementor-element-8b81087 elementor-widget__width-initial elementor-widget elementor-widget-text-editor\" data-id=\"8b81087\" data-element_type=\"widget\" data-widget_type=\"text-editor.default\">\n\t\t\t\t<div class=\"elementor-widget-container\">\n\t\t\t\t\t\t\t\t\t<p>Szeretn\u00e9nk megk\u00f6sz\u00f6nni visszat\u00e9r\u0151 vend\u00e9geink bizalm\u00e1t, hogy t\u00f6bbsz\u00f6ri alkalommal sz\u00e1llod\u00e1nkat v\u00e1lasztj\u00e1k. Ennek ok\u00e1n a k\u00f6vetkez\u0151 kedvezm\u00e9nyeket biztos\u00edtjuk:<\/p>\t\t\t\t\t\t\t\t<\/div>\n\t\t\t\t<\/div>\n\t\t\t\t<section class=\"elementor-section elementor-inner-section elementor-element elementor-element-791c91d elementor-section-boxed elementor-section-height-default elementor-section-height-default\" data-id=\"791c91d\" data-element_type=\"section\">\n\t\t\t\t\t\t<div class=\"elementor-container elementor-column-gap-no\">\n\t\t\t\t\t<div class=\"elementor-column elementor-col-33 elementor-inner-column elementor-element elementor-element-5cb1b04\" data-id=\"5cb1b04\" data-element_type=\"column\" data-settings=\"{&quot;background_background&quot;:&quot;classic&quot;}\">\n\t\t\t<div class=\"elementor-widget-wrap elementor-element-populated\">\n\t\t\t\t\t\t<div class=\"elementor-element elementor-element-edc4c19 elementor-cta--skin-cover elementor-cta--valign-bottom elementor-widget elementor-widget-call-to-action\" data-id=\"edc4c19\" data-element_type=\"widget\" data-widget_type=\"call-to-action.default\">\n\t\t\t\t<div class=\"elementor-widget-container\">\n\t\t\t\t\t\t\t<div class=\"elementor-cta\">\n\t\t\t\t\t<div class=\"elementor-cta__bg-wrapper\">\n\t\t\t\t<div class=\"elementor-cta__bg elementor-bg\" style=\"background-image: url(https:\/\/thermalhotelgarden.hu\/dev_ujoldal\/wp-content\/uploads\/2025\/03\/csomagok2.webp);\" role=\"img\" aria-label=\"csomagok2\"><\/div>\n\t\t\t\t<div class=\"elementor-cta__bg-overlay\"><\/div>\n\t\t\t<\/div>\n\t\t\t\t\t\t\t<div class=\"elementor-cta__content\">\n\t\t\t\t\n\t\t\t\t\t\t\t\t\t<h2 class=\"elementor-cta__title elementor-cta__content-item elementor-content-item\">\n\t\t\t\t\t\tBronz csomag\t\t\t\t\t<\/h2>\n\t\t\t\t\n\t\t\t\t\n\t\t\t\t\t\t\t<\/div>\n\t\t\t\t\t\t<\/div>\n\t\t\t\t\t\t<\/div>\n\t\t\t\t<\/div>\n\t\t\t\t<div class=\"elementor-element elementor-element-7317336 elementor-widget__width-initial elementor-widget-tablet__width-inherit elementor-widget elementor-widget-text-editor\" data-id=\"7317336\" data-element_type=\"widget\" data-widget_type=\"text-editor.default\">\n\t\t\t\t<div class=\"elementor-widget-container\">\n\t\t\t\t\t\t\t\t\t<p>Weboldalunkon t\u00f6rt\u00e9n\u0151 \u00faj foglal\u00e1sok eset\u00e9n tov\u00e1bbi 2% kedvezm\u00e9nyt biztos\u00edtunk.<\/p><p>T\u00f6rzsvend\u00e9geink sz\u00e1m\u00e1ra extra kedvezm\u00e9nyes aj\u00e1nlataink foglal\u00e1s\u00e1nak lehet\u0151s\u00e9ge, melyekr\u0151l k\u00fcl\u00f6n \u00e9rtes\u00edt\u00e9st k\u00fcld\u00fcnk.<\/p>\t\t\t\t\t\t\t\t<\/div>\n\t\t\t\t<\/div>\n\t\t\t\t\t<\/div>\n\t\t<\/div>\n\t\t\t\t<div class=\"elementor-column elementor-col-33 elementor-inner-column elementor-element elementor-element-27bb05e\" data-id=\"27bb05e\" data-element_type=\"column\" data-settings=\"{&quot;background_background&quot;:&quot;classic&quot;}\">\n\t\t\t<div class=\"elementor-widget-wrap elementor-element-populated\">\n\t\t\t\t\t\t<div class=\"elementor-element elementor-element-27afad9 elementor-cta--skin-cover elementor-cta--valign-bottom elementor-widget elementor-widget-call-to-action\" data-id=\"27afad9\" data-element_type=\"widget\" data-widget_type=\"call-to-action.default\">\n\t\t\t\t<div class=\"elementor-widget-container\">\n\t\t\t\t\t\t\t<div class=\"elementor-cta\">\n\t\t\t\t\t<div class=\"elementor-cta__bg-wrapper\">\n\t\t\t\t<div class=\"elementor-cta__bg elementor-bg\" style=\"background-image: url(https:\/\/thermalhotelgarden.hu\/dev_ujoldal\/wp-content\/uploads\/2025\/03\/csomagok3.webp);\" role=\"img\" aria-label=\"csomagok3\"><\/div>\n\t\t\t\t<div class=\"elementor-cta__bg-overlay\"><\/div>\n\t\t\t<\/div>\n\t\t\t\t\t\t\t<div class=\"elementor-cta__content\">\n\t\t\t\t\n\t\t\t\t\t\t\t\t\t<h2 class=\"elementor-cta__title elementor-cta__content-item elementor-content-item\">\n\t\t\t\t\t\tSilver Csomag\t\t\t\t\t<\/h2>\n\t\t\t\t\n\t\t\t\t\n\t\t\t\t\t\t\t<\/div>\n\t\t\t\t\t\t<\/div>\n\t\t\t\t\t\t<\/div>\n\t\t\t\t<\/div>\n\t\t\t\t<div class=\"elementor-element elementor-element-c15d73e elementor-widget__width-initial elementor-widget-tablet__width-inherit elementor-widget elementor-widget-text-editor\" data-id=\"c15d73e\" data-element_type=\"widget\" data-widget_type=\"text-editor.default\">\n\t\t\t\t<div class=\"elementor-widget-container\">\n\t\t\t\t\t\t\t\t\t<p>Az el\u0151z\u0151 \u00e9vben minimum 7 szoba\u00e9jszaka elt\u00f6lt\u00e9se ut\u00e1n a honlapunkon tal\u00e1lhat\u00f3 aj\u00e1nlatainkb\u00f3l \u2013 \u00faj foglal\u00e1sok eset\u00e9ben \u2013 tov\u00e1bbi 5% kedvezm\u00e9nyt biztos\u00edtunk.<\/p><p>K\u00e9s\u0151i szobaelhagy\u00e1s 50% kedvezm\u00e9nnyel (foglalts\u00e1gt\u00f3l f\u00fcgg\u0151en vehet\u0151 ig\u00e9nybe).<\/p><p>Korai szoba\u00e9rkez\u00e9s 50% kedvezm\u00e9nnyel (foglalts\u00e1gt\u00f3l f\u00fcgg\u0151en vehet\u0151 ig\u00e9nybe).<\/p><p>T\u00f6rzsvend\u00e9geink sz\u00e1m\u00e1ra extra kedvezm\u00e9nyes aj\u00e1nlataink foglal\u00e1s\u00e1nak lehet\u0151s\u00e9ge, melyekr\u0151l k\u00fcl\u00f6n \u00e9rtes\u00edt\u00e9st k\u00fcld\u00fcnk.<\/p>\t\t\t\t\t\t\t\t<\/div>\n\t\t\t\t<\/div>\n\t\t\t\t\t<\/div>\n\t\t<\/div>\n\t\t\t\t<div class=\"elementor-column elementor-col-33 elementor-inner-column elementor-element elementor-element-e68751c\" data-id=\"e68751c\" data-element_type=\"column\" data-settings=\"{&quot;background_background&quot;:&quot;classic&quot;}\">\n\t\t\t<div class=\"elementor-widget-wrap elementor-element-populated\">\n\t\t\t\t\t\t<div class=\"elementor-element elementor-element-312b642 elementor-cta--skin-cover elementor-cta--valign-bottom elementor-widget elementor-widget-call-to-action\" data-id=\"312b642\" data-element_type=\"widget\" data-widget_type=\"call-to-action.default\">\n\t\t\t\t<div class=\"elementor-widget-container\">\n\t\t\t\t\t\t\t<div class=\"elementor-cta\">\n\t\t\t\t\t<div class=\"elementor-cta__bg-wrapper\">\n\t\t\t\t<div class=\"elementor-cta__bg elementor-bg\" style=\"background-image: url(https:\/\/thermalhotelgarden.hu\/dev_ujoldal\/wp-content\/uploads\/2025\/03\/csomagok1.webp);\" role=\"img\" aria-label=\"csomagok1\"><\/div>\n\t\t\t\t<div class=\"elementor-cta__bg-overlay\"><\/div>\n\t\t\t<\/div>\n\t\t\t\t\t\t\t<div class=\"elementor-cta__content\">\n\t\t\t\t\n\t\t\t\t\t\t\t\t\t<h2 class=\"elementor-cta__title elementor-cta__content-item elementor-content-item\">\n\t\t\t\t\t\tGold csomag\t\t\t\t\t<\/h2>\n\t\t\t\t\n\t\t\t\t\n\t\t\t\t\t\t\t<\/div>\n\t\t\t\t\t\t<\/div>\n\t\t\t\t\t\t<\/div>\n\t\t\t\t<\/div>\n\t\t\t\t<div class=\"elementor-element elementor-element-593894f elementor-widget__width-initial elementor-widget-tablet__width-inherit elementor-widget elementor-widget-text-editor\" data-id=\"593894f\" data-element_type=\"widget\" data-widget_type=\"text-editor.default\">\n\t\t\t\t<div class=\"elementor-widget-container\">\n\t\t\t\t\t\t\t\t\t<p>Az el\u0151z\u0151 \u00e9vben minimum 15 szoba\u00e9jszaka elt\u00f6lt\u00e9se ut\u00e1n a honlapunkon tal\u00e1lhat\u00f3 aj\u00e1nlatainkb\u00f3l \u2013 \u00faj foglal\u00e1sok eset\u00e9ben \u2013 tov\u00e1bbi 10% kedvezm\u00e9nyt biztos\u00edtunk.<\/p><p>K\u00e9s\u0151i szobaelhagy\u00e1s 50% kedvezm\u00e9nnyel (foglalts\u00e1gt\u00f3l f\u00fcgg\u0151en vehet\u0151 ig\u00e9nybe).<\/p><p>Korai szoba\u00e9rkez\u00e9s 50% kedvezm\u00e9nnyel (foglalts\u00e1gt\u00f3l f\u00fcgg\u0151en vehet\u0151 ig\u00e9nybe).<\/p><p>T\u00f6rzsvend\u00e9geink sz\u00e1m\u00e1ra extra kedvezm\u00e9nyes aj\u00e1nlataink foglal\u00e1s\u00e1nak lehet\u0151s\u00e9ge, melyekr\u0151l k\u00fcl\u00f6n \u00e9rtes\u00edt\u00e9st k\u00fcld\u00fcnk.<\/p>\t\t\t\t\t\t\t\t<\/div>\n\t\t\t\t<\/div>\n\t\t\t\t\t<\/div>\n\t\t<\/div>\n\t\t\t\t\t<\/div>\n\t\t<\/section>\n\t\t\t\t\t<\/div>\n\t\t<\/div>\n\t\t\t\t\t<\/div>\n\t\t<\/section>\n\t\t\t\t<section class=\"elementor-section elementor-top-section elementor-element elementor-element-c40aec8 elementor-section-stretched elementor-section-full_width elementor-section-height-default elementor-section-height-default\" data-id=\"c40aec8\" data-element_type=\"section\" data-settings=\"{&quot;stretch_section&quot;:&quot;section-stretched&quot;}\">\n\t\t\t\t\t\t<div class=\"elementor-container elementor-column-gap-no\">\n\t\t\t\t\t<div class=\"elementor-column elementor-col-100 elementor-top-column elementor-element elementor-element-4b4eda7\" data-id=\"4b4eda7\" data-element_type=\"column\" data-settings=\"{&quot;background_background&quot;:&quot;classic&quot;}\">\n\t\t\t<div class=\"elementor-widget-wrap elementor-element-populated\">\n\t\t\t\t\t\t<div class=\"elementor-element elementor-element-08dc030 elementor-widget elementor-widget-image\" data-id=\"08dc030\" data-element_type=\"widget\" data-widget_type=\"image.default\">\n\t\t\t\t<div class=\"elementor-widget-container\">\n\t\t\t\t\t\t\t\t\t\t\t\t\t\t\t<img fetchpriority=\"high\" decoding=\"async\" width=\"311\" height=\"197\" src=\"https:\/\/thermalhotelgarden.hu\/dev_ujoldal\/wp-content\/uploads\/2025\/03\/level.svg\" class=\"attachment-large size-large wp-image-7559\" alt=\"\" \/>\t\t\t\t\t\t\t\t\t\t\t\t\t\t\t<\/div>\n\t\t\t\t<\/div>\n\t\t\t\t<div class=\"elementor-element elementor-element-cc93689 elementor-widget elementor-widget-heading\" data-id=\"cc93689\" data-element_type=\"widget\" data-widget_type=\"heading.default\">\n\t\t\t\t<div class=\"elementor-widget-container\">\n\t\t\t\t\t<h2 class=\"elementor-heading-title elementor-size-default\">Az ig\u00e9nybev\u00e9tel felt\u00e9telei:<\/h2>\t\t\t\t<\/div>\n\t\t\t\t<\/div>\n\t\t\t\t<div class=\"elementor-element elementor-element-80afd38 elementor-widget__width-initial elementor-widget elementor-widget-text-editor\" data-id=\"80afd38\" data-element_type=\"widget\" data-widget_type=\"text-editor.default\">\n\t\t\t\t<div class=\"elementor-widget-container\">\n\t\t\t\t\t\t\t\t\t<ul><li>A t\u00f6rzsvend\u00e9g kedvezm\u00e9nyt a foglal\u00e1s megt\u00e9telekor kell \u00e9rv\u00e9nyes\u00edteni, \u00e9rkez\u00e9skor a recepci\u00f3n ez m\u00e1r lehets\u00e9ges. K\u00e9rj\u00fck sz\u00fcks\u00e9g eset\u00e9n telefonon k\u00e9rj\u00e9k koll\u00e9g\u00e1nk seg\u00edts\u00e9g\u00e9t.<\/li><li>A kedvezm\u00e9nyt a visszaigazol\u00e1sban szerepl\u0151 brutt\u00f3 v\u00e9g\u00f6sszegb\u0151l biztos\u00edtjuk.<\/li><li>A t\u00f6rzsvend\u00e9g kedvezm\u00e9ny kiz\u00e1r\u00f3lag k\u00f6zvetlen, a sz\u00e1llod\u00e1n\u00e1l t\u00f6rt\u00e9n\u0151 foglal\u00e1s eset\u00e9n \u00e9rv\u00e9nyes, amelyet a vend\u00e9gnek mag\u00e1nak kell weboldalunkon megtennie.<\/li><li>A szoba\u00e9jszak\u00e1k sz\u00e1ma egy napt\u00e1ri \u00e9vben gy\u0171jthet\u0151, adott \u00e9v janu\u00e1r 01. \u00e9s december 31. k\u00f6z\u00f6tt, a t\u00f6rzsvend\u00e9gkedvezm\u00e9ny tulajdonosa \u00e1ltal lakott szoba ut\u00e1n.<\/li><li>A szoba\u00e9jszak\u00e1k \u00f6sszes\u00edt\u00e9se a t\u00e1rgy\u00e9vet k\u00f6vet\u0151 janu\u00e1r 15-ig t\u00f6rt\u00e9nik, ezt k\u00f6vet\u0151en janu\u00e1r 20-ig ki\u00e9rtes\u00edt\u00e9sre ker\u00fclnek kedves vend\u00e9geink.<\/li><li>A kedvezm\u00e9ny adott \u00e9v janu\u00e1r 21-t\u0151l december 21-ig ig\u00e9nybe vehet\u0151.<\/li><li>K\u00f6vetkez\u0151 \u00e9vben ism\u00e9t vizsg\u00e1ljuk az elt\u00f6lt\u00f6tt szoba\u00e9jszak\u00e1k sz\u00e1m\u00e1t, \u00e9s ha a fenti felt\u00e9telek nem teljes\u00fclnek, \u00fagy a kedvezm\u00e9nyek visszavon\u00e1sra ker\u00fclhetnek.<\/li><li>A t\u00f6rzsvend\u00e9g kedvezm\u00e9ny m\u00e1s kedvezm\u00e9nyekkel nem \u00f6sszevonhat\u00f3 \u00e9s \u00fcnnepnapokon, kedvezm\u00e9nyes csomagaj\u00e1nlatainkb\u00f3l nem \u00e9rv\u00e9nyes\u00edthet\u0151.<\/li><li>A kedvezm\u00e9ny nem \u00e1truh\u00e1zhat\u00f3, csak a kedvezm\u00e9nyezett veheti ig\u00e9nybe, alkalmank\u00e9nt max. 1 szoba foglal\u00e1s\u00e1ra, n\u00e9v \u00e9s regisztr\u00e1lt e-mail c\u00edm megjel\u00f6l\u00e9s\u00e9vel.<\/li><li>A v\u00e1ltoztat\u00e1s jog\u00e1t fenntartjuk.<\/li><\/ul>\t\t\t\t\t\t\t\t<\/div>\n\t\t\t\t<\/div>\n\t\t\t\t\t<\/div>\n\t\t<\/div>\n\t\t\t\t\t<\/div>\n\t\t<\/section>\n\t\t\t\t<\/div>\n\t\t","protected":false},"excerpt":{"rendered":"<p>THERMAL HOTEL GARDEN T\u00f6rzsvend\u00e9g program Szeretn\u00e9nk megk\u00f6sz\u00f6nni visszat\u00e9r\u0151 vend\u00e9geink bizalm\u00e1t, hogy t\u00f6bbsz\u00f6ri alkalommal sz\u00e1llod\u00e1nkat v\u00e1lasztj\u00e1k. Ennek ok\u00e1n a k\u00f6vetkez\u0151 kedvezm\u00e9nyeket biztos\u00edtjuk: Bronz csomag Weboldalunkon t\u00f6rt\u00e9n\u0151 \u00faj foglal\u00e1sok eset\u00e9n tov\u00e1bbi 2% kedvezm\u00e9nyt biztos\u00edtunk. T\u00f6rzsvend\u00e9geink sz\u00e1m\u00e1ra extra kedvezm\u00e9nyes aj\u00e1nlataink foglal\u00e1s\u00e1nak lehet\u0151s\u00e9ge, melyekr\u0151l k\u00fcl\u00f6n \u00e9rtes\u00edt\u00e9st k\u00fcld\u00fcnk. Silver Csomag Az el\u0151z\u0151 \u00e9vben minimum 7 szoba\u00e9jszaka elt\u00f6lt\u00e9se ut\u00e1n a honlapunkon [&hellip;]<\/p>\n","protected":false},"author":1,"featured_media":0,"parent":0,"menu_order":0,"comment_status":"closed","ping_status":"closed","template":"elementor_theme","meta":{"footnotes":""},"class_list":["post-8305","page","type-page","status-publish","hentry"],"_links":{"self":[{"href":"https:\/\/thermalhotelgarden.hu\/dev_ujoldal\/wp-json\/wp\/v2\/pages\/8305","targetHints":{"allow":["GET"]}}],"collection":[{"href":"https:\/\/thermalhotelgarden.hu\/dev_ujoldal\/wp-json\/wp\/v2\/pages"}],"about":[{"href":"https:\/\/thermalhotelgarden.hu\/dev_ujoldal\/wp-json\/wp\/v2\/types\/page"}],"author":[{"embeddable":true,"href":"https:\/\/thermalhotelgarden.hu\/dev_ujoldal\/wp-json\/wp\/v2\/users\/1"}],"replies":[{"embeddable":true,"href":"https:\/\/thermalhotelgarden.hu\/dev_ujoldal\/wp-json\/wp\/v2\/comments?post=8305"}],"version-history":[{"count":181,"href":"https:\/\/thermalhotelgarden.hu\/dev_ujoldal\/wp-json\/wp\/v2\/pages\/8305\/revisions"}],"predecessor-version":[{"id":9850,"href":"https:\/\/thermalhotelgarden.hu\/dev_ujoldal\/wp-json\/wp\/v2\/pages\/8305\/revisions\/9850"}],"wp:attachment":[{"href":"https:\/\/thermalhotelgarden.hu\/dev_ujoldal\/wp-json\/wp\/v2\/media?parent=8305"}],"curies":[{"name":"wp","href":"https:\/\/api.w.org\/{rel}","templated":true}]}}